10*p, 0 = n + 3*p - 21. Calculate the greatest common factor of 639 and n.
9
Let w(h) = 6*h**2 - 3*h + 1. Let y be w(-3). Let q(r) = 7*r**2 + 57*r - 38. Let k be q(-9). What is the greatest common factor of y and k?
16
Let o(q) = q**2 - 30*q - 135. Let j be o(-5). Calculate the highest common divisor of 390 and j.
10
Let y = 70 + -44. Let t be 568/y - 4/(-26). What is the greatest common divisor of t and 44?
22
Let n be 3 + 128 - (21 + -20). What is the highest common divisor of 20 and n?
10
Let f(m) = m**3 + 14*m**2 - 4*m - 21. Let z be f(-14). Calculate the highest common factor of z and 70.
35
Let i(h) = 2 + 7 + 11 - 4*h + 5*h. Let z be i(10). Calculate the greatest common factor of z and 45.
15
Suppose 19*b = -24*b + 18318. What is the greatest common factor of b and 6?
6
Let q(a) = 19*a**2 + 3*a - 2. Let t be q(2). Let s be (-46 - 0) + (1 + 0 - 2). Let u = -31 - s. Calculate the greatest common divisor of t and u.
16
Let y = 1285 - 1253. What is the greatest common divisor of 10 and y?
2
Let y be 11958/30 - 2*1/(-5). Calculate the greatest common factor of 19 and y.
19
Suppose 28 = 5*j - 32. Suppose -j = -3*o + 2*o. Suppose 2*w - 8 - 4 = k, 4*k = 2*w - 24. What is the highest common factor of o and w?
4
Suppose -22*g + 33 = -759. What is the greatest common factor of 1962 and g?
18
Let c(s) = -4*s - 40. Let m = 61 + -77. Let v be c(m). Calculate the highest common divisor of 12 and v.
12
Let i = 857 + -461. What is the greatest common factor of i and 44?
44
Suppose 28 = 7*s - 14. Let z be (-9)/s*(0 + 56/(-6)). Calculate the highest common divisor of 112 and z.
14
Let o = -2 - -23. Let v = 27 + o. Calculate the greatest common factor of 32 and v.
16
Let x = -1112 + 2056. Calculate the greatest common divisor of 32 and x.
16
Let y(t) = -t + 5. Let k be y(5). Let h be ((-1)/(k - 3))/((-6)/(-504)). What is the greatest common factor of h and 154?
14
Let i be (2/8*-3)/(2/(-8)). Let h(p) = -p**3 + 7*p**2 + 3*p - 2. Let m be h(7). Suppose -i - m = -c. What is the greatest common divisor of c and 88?
22
Let b be (-12)/10*((-160)/15 + 9). Let c = -6 + 8. Suppose 8*t - 3*t - 3*n - 18 = 0, -c*t = -2*n - 4. What is the greatest common factor of t and b?
2
Suppose 2*b - 40 - 8 = -3*l, -b + 59 = 4*l. Let a = 52 + -47. Suppose a*i - 485 = 5. What is the highest common divisor of i and l?
14
Let b(i) = 402*i. Let n be b(-1). Let a be 4/(-10) + n/(-30). Suppose a*q - 405 = 4*q. What is the greatest common divisor of q and 18?
9
Let n = -201 - -1085. What is the greatest common divisor of 68 and n?
68
Let n(o) = -o**2 - 9*o + 5. Let j be n(-9). Let x = 10 + -8. Let h = x + j. What is the highest common divisor of h and 1?
1
Let f = 24 - 22. Suppose w + 5*b - 18 = 0, f*b - 17 = -w - 8. Suppose 0*z - w*i - 6 = z, 0 = i + 4. What is the highest common divisor of z and 66?
6
Let d be (0 - -66)*27/81. What is the highest common factor of d and 11?
11
Let k be 6/8 + (-292)/(-16). Let u = 32 - k. Calculate the highest common divisor of u and 65.
13
Let p(y) = -y**3 + 5*y**2 - 5*y + 12. Let x be p(4). Calculate the highest common factor of 24 and x.
8
Suppose 9*y - 3*y = 60. Let j be (-1076)/11 + (-4)/22. Let o = j + 208. Calculate the greatest common divisor of y and o.
10
Suppose -3*h = -3*m - 54 - 51, 2*m = 8. Suppose -45 = -6*t + h. Calculate the greatest common divisor of 56 and t.
14
Let p(c) = 2*c + 2. Let k be (-32)/(-3) + (-4)/6. Suppose -d - 16 = -3*j + 4*d, j - k = 4*d. Let t be p(j). What is the highest common factor of 12 and t?
6
Suppose -50 = -5*b + 3*v, 2*b = 4*v - v + 20. Let k = -28 + 18. Let q be (36/30)/((-3)/k). Calculate the highest common divisor of b and q.
2
Let m(f) = -8*f - 7. Suppose 57 = 3*z - 27. Let c(u) = 72*u + 64. Let k(n) = z*m(n) + 3*c(n). Let w be k(-6). Calculate the greatest common factor of 110 and w.
22
Let y be (-208 + -2)/(-5) + 2. What is the highest common factor of y and 55?
11
Suppose 136*k = 116*k + 5520. What is the greatest common divisor of 6 and k?
6
Let g be 65 - (-10)/(5 - 3). Let n = 18 - 4. What is the highest common divisor of g and n?
14
Let i = 4 + 0. Suppose -8 = -0*j - i*j. Let n(v) = 25*v**3 - v**2 - v + 2. Let y be n(j). What is the highest common factor of 28 and y?
28
Suppose 7*v + 149 = 597. What is the greatest common divisor of 160 and v?
32
Suppose -y - 2 = -4*d, 42 + 14 = 5*y + 2*d. Let k = y + -5. Suppose -k*q + 3 + 2 = 0. What is the highest common factor of 7 and q?
1
Let v = 19 - 10. Suppose -21 = h - 5*h - r, 5*h - r = 15. Let g be 48/18*v/h. What is the greatest common divisor of g and 9?
3
Let g(y) = 6*y**2 - 1. Let i be g(-1). Let s = -7 + 22. What is the highest common divisor of s and i?
5
Let f be 7/((-7)/24)*14/(-28). Calculate the highest common divisor of 48 and f.
12
Let s(d) = d**2 - 11*d - 17. Let n = -6 - -20. Let p be s(n). Suppose 2*c + p = 3*c. What is the greatest common factor of 75 and c?
25
Let b be -2 + 114/2 - -1. Suppose -5*k - b = -3*l, -2*k = 4*l + k - 94. Let o = -8 + l. What is the highest common factor of 56 and o?
14
Suppose 3*u = 3, 5*u = -5*k - 0*u + 25. Suppose -37 - 139 = -k*a. What is the highest common factor of a and 33?
11
Suppose -5*l - 2*u + 54 = -285, -2*u - 75 = -l. What is the highest common divisor of 6 and l?
3
Suppose 0 = -2*x - 801 + 849. Suppose -4*a - 160 = a. Let b be ((-3)/(-4))/((-2)/a). What is the greatest common factor of b and x?
12
Suppose -2*b + 0 - 5 = -3*f, 5*f = 5. Let z be -10 - -65 - (b - 0)/1. Calculate the highest common factor of 8 and z.
8
Let n = -2092 + 3892. Calculate the highest common factor of n and 45.
45
Let i = 24 + -13. Suppose -48*h - 3751 = -79*h. Calculate the highest common divisor of h and i.
11
Suppose -3*o - 56 = -4*d + 1, -o = d - 23. Let j(c) = c + 16 + 5*c**2 - 33 + c**3 + d. Let s be j(-2). Calculate the greatest common factor of s and 22.
11
Suppose 10*j - 190 = 5*j. Let p be (-6 + -54 + 3)/(-3). Calculate the highest common divisor of p and j.
19
Let g be (3*-2)/((-7)/((-21)/(-6))). Suppose -23 = -2*u + g. What is the highest common divisor of 26 and u?
13
Let u(n) = -8*n + 21. Let p be u(0). Let f = -46 + 67. Calculate the highest common factor of f and p.
21
Let y = 6 + -2. Let d = -82 - -124. Suppose -3*f - 20 = -2*r + 4, -3*f - d = -5*r. Calculate the greatest common factor of y and r.
2
Let k(d) = 8*d + 82. Let j be k(22). What is the highest common factor of 430 and j?
86
Suppose 18 = -10*i + 78. What is the highest common divisor of 78 and i?
6
Suppose 0 = -67*p + 50*p + 221. What is the greatest common divisor of 325 and p?
13
Suppose 161 = 3*z + 14. What is the greatest common divisor of z and 343?
49
Let h(z) = -z**3 + 7*z**2 - z - 3. Let l be h(5). Suppose 24*u - 3045 = -5*u. Calculate the highest common factor of l and u.
21
Suppose -15*n = 367 - 2167. What is the highest common divisor of n and 16?
8
Suppose -2 = 5*w + 2*c - 3*c, 5*w - 2 = -c. Suppose -5*h + 62 - 12 = w. What is the highest common factor of 70 and h?
10
Suppose 3*q - 6*q + 45 = 0. Suppose -13*m - 20 = -q*m. What is the highest common divisor of 4 and m?
2
Let j = -252 - -257. Calculate the highest common divisor of j and 55.
5
Let t be -3 - ((-4)/(-10))/((-1)/150). What is the highest common factor of t and 380?
19
Suppose -3888 = -7*i - 11*i. What is the greatest common factor of i and 16?
8
Let v = 157 + -145. What is the greatest common divisor of 492 and v?
12
Let h(m) = m**3 + 18*m**2 + 18*m + 23. Let r be h(-17). Suppose -3*q - 3*u + 72 + r = 0, 3*u = 2*q - 62. What is the greatest common divisor of q and 7?
7
Suppose 46*p - 3*a = 50*p - 36, -p - 2*a + 4 = 0. Suppose -84 = w - 216. What is the highest common divisor of p and w?
12
Let w be (-3 + 2 - -2) + -1. Suppose -i = w, -4*n - i - 3*i = -100. Calculate the highest common factor of n and 200.
25
Suppose 5*v - 50 = 30. Let a be ((-2)/2)/((-5)/10). Suppose -4*f = 5*y - 95 - v, -2*f = -a*y + 30. What is the greatest common divisor of 133 and y?
19
Let l(s) be the first derivative of s**3/3 - 4*s**2 + 3*s + 4. Let o be l(8). Suppose t - 8 = -o*t. What is the highest common factor of t and 14?
2
Suppose -12 = 4*x, 5*v - 271 = 5*x + 154. Suppose 0 = -3*u + v + 26. What is the greatest common factor of 12 and u?
12
Suppose -3*d - 24 = 2*x - 165, 5*x - 345 = -5*d. Ca